 of m?
2, 31
Suppose 3*s = -4 - 5, -5*n = 3*s - 591. What are the prime factors of 3554/10 - 48/n?
5, 71
Let w be 360/(-135)*(-1 + 850). List the prime factors of (-24)/16*w/3.
2, 283
Let h be (-4)/(-34) - 53/17. Let q be -10*(24/10)/h. Suppose 3*w = q*w - 385. List the prime factors of w.
7, 11
Suppose -3255*r + 3268*r = 83440 + 78618. What are the prime factors of r?
2, 23, 271
Let y be (-437)/(-4) - 9/36. Suppose o + 2*z - y = 0, -2*o - 2*z + 238 - 14 = 0. Let i = o - 25. What are the prime factors of i?
2, 3, 5
Let m = 21 - 18. Suppose 3*r - 822 - 543 = -3*s, 0 = -2*s + m*r + 915. Suppose 3*h + h - s = 0. List the prime factors of h.
2, 3, 19
Let j = 6909 + 57516. List the prime factors of j.
3, 5, 859
Suppose 2*u - 59 - 116 = 3*x, 195 = -3*x - 3*u. Let w = x + 59. What are the prime factors of (8656/(-280) + w/7)*-5?
2, 3, 13
Suppose 5*d - 4*f = 257, 3*d - 4*f - 4 - 147 = 0. Suppose 51 = -2*a + d. List the prime factors of (-2)/(1*a/(-57))*1.
2, 3, 19
Suppose -6 = 9*w - 33. Let j(i) = 14*i**2 - 3*i + 3. Let u be j(w). Suppose -u = 4*o - 6*o. List the prime factors of o.
2, 3, 5
Suppose -6*p - 33881 - 9370 = -7*p. List the prime factors of p.
3, 13, 1109
Let d(x) = -2121*x**3 + x**2 - 193*x - 586. List the prime factors of d(-3).
57269
Let q(y) be the second derivative of 4*y**3/3 - 187*y**2/2 - 4*y. Let p(m) = -4*m + 94. Let d(u) = -7*p(u) - 3*q(u). List the prime factors of d(31).
3
Let m(o) = -o - 2. Let h(x) = 189*x. Let t(q) = 2*h(q) - 2*m(q). List the prime factors of t(1).
2, 3
Suppose 4777*o = 4788*o - 558613. List the prime factors of o.
43, 1181
Suppose 0 = 416*j - 1094246 - 10143994. List the prime factors of j.
3, 5, 1801
Suppose 0 = i + 3*v - 54, 2*v = 4*i - 91 - 111. Let n = i + -55. List the prime factors of 1/n - ((-185)/20 - -1).
2
Let l(q) = 3*q + 28. Let d be l(-1). Let s(t) = 2*t**2 - 13*t + 82. What are the prime factors of s(d)?
19, 53
Suppose -2*t - 4*t = -30. Suppose -t*x - 836 + 3285 = 4*y, -3*x + 3045 = 5*y. Suppose f - 7*f = -y. List the prime factors of f.
101
Let l = 67 + 7. Let f(b) = -64*b - l*b + 61*b + 6 - 41*b. What are the prime factors of f(-2)?
2, 11
Let i = 11033 + -6685. What are the prime factors of i?
2, 1087
Let g(s) = -4*s - 24. Let y be g(-7). Suppose 20 = 5*w + 5*t, 0*t + 3*t - 17 = -y*w. Suppose -x = w*q - 789, -3*x + 165 = q - x. List the prime factors of q.
157
Suppose -4*k = 2*o - 18, 4*o = 5*k - 1 - 15. Suppose 1 = -5*d + k*d. List the prime factors of -4 + 38 + (-3)/d.
37
Suppose -3*b + 70*p - 73*p = -9822, -5*b + 2*p + 16363 = 0. List the prime factors of b.
3, 1091
Let q(f) = 2*f**2 - 137*f - 10507. List the prime factors of q(-101).
2, 17, 349
What are the prime factors of (-93412)/(-24) + 22/(-132)?
2, 7, 139
Let j(i) = 2*i**2 + 3*i - 1. Let k be j(2). Let p(z) be the first derivative of -z**2/2 + 18*z - 315. List the prime factors of p(k).
5
Suppose -i = -3*i - 8, o - 5*i - 24 = 0. Suppose o*u - 4 = -28. List the prime factors of 447*u/(-54)*3.
149
Let r(l) = l**3 + 25*l**2 - 28*l - 54. Let c be r(-26). Let n(a) = a**3 + 6*a**2 - a - 5. Let t be n(-6). List the prime factors of t/(-2) + (-163)/c.
3
Let a(y) = 3*y - 3 + 5*y + 2*y - y**2 - 3. Let j be a(8). Suppose 123 = j*z - 267. What are the prime factors of z?
3, 13
Let r = -764 + 741. Let o(i) = -8*i + 29. What are the prime factors of o(r)?
3, 71
Suppose 1095*t - 1120*t + 196875 = 0. List the prime factors of t.
3, 5, 7
Suppose -104*l = -69*l - 282100. What are the prime factors of l?
2, 5, 13, 31
What are the prime factors of -2 + 2 + 0 - (-44733 - -8)?
5, 1789
Suppose 3*r + 38*x - 35*x = 54888, 0 = 5*r + 2*x - 91468. List the prime factors of r.
2, 17, 269
Let h(i) = 21*i**2 + 40*i - 463. List the prime factors of h(-32).
3, 7, 941
Let f(i) = i**3 - 2*i**2 + 3*i. Let b be f(2). Let t be (-26)/(-39) + 620/b + -1. Suppose -y + t = y + 3*h, -4*y = -4*h - 236. What are the prime factors of y?
2, 7
Suppose 0*u + 4 = u. Let c be 52*(u + -6) - 3. Let s = c + 155. What are the prime factors of s?
2, 3
Suppose -t - 2*w - 3*w = 0, -4*t - w + 19 = 0. Suppose 2*n + 1226 = -t*f, 1224 = -5*f - 0*n - 3*n. List the prime factors of (-4 + f/8)/(2/(-8)).
139
Let s = -3 + 7. Suppose s*p - 12 = 2*d - 38, -3*p = -d + 20. Let x = 103 - p. What are the prime factors of x?
2, 5, 11
Let o = 1997 + -1349. Suppose -o + 744 = 4*t. What are the prime factors of t?
2, 3
Let x(o) = 2323*o**2 - 865*o - 3470. What are the prime factors of x(-4)?
2, 3, 11, 563
Let v(l) = -152*l + 4394. List the prime factors of v(-118).
2, 5, 7, 11, 29
Suppose -4*w = -3*n - 5*w + 7277, 5*n - 5*w = 12135. Suppose 5*j - n = 354. What are the prime factors of j?
2, 139
Let g(j) = 7*j - 15. Let u(t) = 6*t - 14. Let v = -44 + 49. Let d(b) = v*g(b) - 4*u(b). List the prime factors of d(8).
3, 23
Let h be ((-8)/6)/((-40)/36720). What are the prime factors of 9/(-21) - (-5 - h/14)?
2, 23
Suppose -321*w + 324*w - 45 = 0. List the prime factors of 62/(21/w - 1).
5, 31
Suppose -209*c + 390*c = 6042504. What are the prime factors of c?
2, 3, 13, 107
Suppose 30439 = 4*n - 3*a, -2*n - 3*a = -6397 - 8836. List the prime factors of n.
2, 11, 173
Let h(f) = 853*f**2 - 30*f - 40. What are the prime factors of h(-4)?
2, 3, 11, 13
Let z(n) = -n**2 + n. Let v(o) = -3*o**2 - 2*o - 5. Let j(b) = -v(b) + 4*z(b). Suppose 0 = -8*m + 4*m + 24. What are the prime factors of j(m)?
5
Suppose 0 = 25*c - 428313 - 59187. List the prime factors of c.
2, 3, 5, 13
Suppose 0 = -5*q, 4*b = 2*q + 78 + 118. Suppose -z = 3*t - 1354, z + 54 - b = 0. What are the prime factors of t?
3, 151
Let m(a) = a**3 + 4*a**2 - 6*a + 8. Let s be m(-6). Let y = 102 - s. Suppose y = 2*u - 66. What are the prime factors of u?
2, 7
Let t = -21912 + 47686. What are the prime factors of t?
2, 7, 263
Let n(p) = -p**2 + 2*p + 4. Let s be n(3). Let j be ((s/(-1))/(3/1446))/(-2). Let g = -140 + j. What are the prime factors of g?
101
Let q(a) = 27*a + 72. Let s(b) = -4*b + 1. Let o(z) = -z. Let d(g) = 5*o(g) - s(g). Let m(k) = -45*d(k) - q(k). List the prime factors of m(11).
3, 19
Let x = -46164 + 80103. What are the prime factors of x?
3, 419
Let b(o) = 2*o**2 + 114*o - 1476. What are the prime factors of b(-124)?
2, 5, 757
Let s(b) = 23*b - 49. Let v be s(10). Let o = v + -94. What are the prime factors of o?
3, 29
Suppose -4*j + 46 = 4*a + 10, 2*a = -j + 18. Suppose -a = 2*q + 1. List the prime factors of q*6*(-40)/15.
2, 5
Let h = 30 - 36. Let g = -2 - h. Suppose -g*d = 5*v - 407 - 124, v = -2*d + 267. List the prime factors of d.
2, 67
Suppose -74*v - 63*v + 675097 = -428849. List the prime factors of v.
2, 3, 17, 79
Suppose -14*p + 13*p = -0*p - 20953. List the prime factors of p.
23, 911
Let q = 28901 - 13861. What are the prime factors of q?
2, 5, 47
Let h = 44098 - 20986. List the prime factors of h.
2, 3, 107
Let x(p) = -7675*p + 200. List the prime factors of x(-5).
5, 1543
Suppose 14*d - 269 = 1146 + 4563. List the prime factors of d.
7, 61
Let j = -8 + -88. Let g = j + 172. Let d = 166 - g. List the prime factors of d.
2, 3, 5
Suppose -41*s + 20064 = -53*s. Let q = s + 2354. List the prime factors of q.
2, 11, 31
Let f(b) = -11*b**2 - b + 14. Let p(d) = -7*d**2 - d + 9. Let l(x) = -5*f(x) + 8*p(x). Let s be l(-4). List the prime factors of ((-36)/5)/(s/5).
2, 3
Suppose 33*w + 726 = 27*w. Let k = -66 - w. What are the prime factors of 1674/11 + 1*(-10)/k?
2, 19
Suppose -19*f + 16426 = -5899. List the prime factors of f.
5, 47
Let y = 49368 - 30849. What are the prime factors of y?
3, 6173
Let j(r) = -r**2 + 20*r + 7. Let o be j(14). Suppose 264 = w - o. What are the prime factors of w?
5, 71
Let t = -18 - -20. Suppose t*w + 3*c = w - 81, 0 = -5*c. Let p = 23 - w. What are the prime factors of p?
2, 13
Let m = 2162 + -1298. Suppose -m = 23*p - 24*p. List the prime factors of p.
2, 3
Suppose 10 = p - b + 15, 0 = 5*p - 3*b + 19. Let q = p + 81. What are the prime factors of q?
79
Let u(r) = -r**2 + 136*r - 300. List the prime factors of u(54).
2, 3, 43
Let d be (0 + -1)/(((-4)/(-12))/(-1)). Suppose s = 3*s - y - 4831, d*s - 7251 = -3*y. Suppose -s = -9*a - 796. What are the prime factors of a?
2, 3, 5
Let w(b) = -b**2 - b + 1. Let u(q) = -4*q**2 + 11*q - 8. Let i(s) = -u(s) - 3*w(s). What are the prime factors of i(6)?
11, 19
S